{"id":590,"date":"2021-01-11T12:42:55","date_gmt":"2021-01-11T11:42:55","guid":{"rendered":"https:\/\/gerard-navizet.fr\/wp-navizet\/?page_id=590"},"modified":"2021-01-19T16:37:56","modified_gmt":"2021-01-19T15:37:56","slug":"les-news","status":"publish","type":"page","link":"https:\/\/gerard-navizet.fr\/site-2\/les-news\/","title":{"rendered":"Les news"},"content":{"rendered":"\t\t<div data-elementor-type=\"wp-page\" data-elementor-id=\"590\" class=\"elementor elementor-590\" data-elementor-post-type=\"page\">\n\t\t\t\t\t\t<section class=\"elementor-section elementor-top-section elementor-element elementor-element-fc4a031 elementor-section-boxed elementor-section-height-default elementor-section-height-default\" data-id=\"fc4a031\" data-element_type=\"section\" data-e-type=\"section\">\n\t\t\t\t\t\t<div class=\"elementor-container elementor-column-gap-default\">\n\t\t\t\t\t<div class=\"elementor-column elementor-col-100 elementor-top-column elementor-element elementor-element-861584b\" data-id=\"861584b\" data-element_type=\"column\" data-e-type=\"column\">\n\t\t\t<div class=\"elementor-widget-wrap elementor-element-populated\">\n\t\t\t\t\t\t<div class=\"elementor-element elementor-element-242521d elementor-grid-1 elementor-posts--thumbnail-left elementor-posts--align-left elementor-grid-tablet-2 elementor-grid-mobile-1 elementor-widget elementor-widget-posts\" data-id=\"242521d\" data-element_type=\"widget\" data-e-type=\"widget\" data-settings=\"{&quot;classic_columns&quot;:&quot;1&quot;,&quot;classic_row_gap&quot;:{&quot;unit&quot;:&quot;px&quot;,&quot;size&quot;:30,&quot;sizes&quot;:[]},&quot;pagination_type&quot;:&quot;prev_next&quot;,&quot;classic_columns_tablet&quot;:&quot;2&quot;,&quot;classic_columns_mobile&quot;:&quot;1&quot;,&quot;classic_row_gap_tablet&quot;:{&quot;unit&quot;:&quot;px&quot;,&quot;size&quot;:&quot;&quot;,&quot;sizes&quot;:[]},&quot;classic_row_gap_mobile&quot;:{&quot;unit&quot;:&quot;px&quot;,&quot;size&quot;:&quot;&quot;,&quot;sizes&quot;:[]}}\" data-widget_type=\"posts.classic\">\n\t\t\t\t<div class=\"elementor-widget-container\">\n\t\t\t\t\t\t\t<div class=\"elementor-posts-container elementor-posts elementor-posts--skin-classic elementor-grid\" role=\"list\">\n\t\t\t\t<article class=\"elementor-post elementor-grid-item post-24696 post type-post status-publish format-standard has-post-thumbnail hentry category-news\" role=\"listitem\">\n\t\t\t\t<a class=\"elementor-post__thumbnail__link\" href=\"https:\/\/gerard-navizet.fr\/site-2\/normandie-2026\/\" tabindex=\"-1\" >\n\t\t\t<div class=\"elementor-post__thumbnail\"><img fetchpriority=\"high\" decoding=\"async\" width=\"300\" height=\"169\" src=\"https:\/\/gerard-navizet.fr\/site-2\/wp-content\/uploads\/2026\/04\/nggallery_import\/DJI_20260324073000_0382_D-300x169.jpg\" class=\"attachment-medium size-medium wp-image-24699\" alt=\"\" srcset=\"https:\/\/gerard-navizet.fr\/site-2\/wp-content\/uploads\/2026\/04\/nggallery_import\/DJI_20260324073000_0382_D-300x169.jpg 300w, https:\/\/gerard-navizet.fr\/site-2\/wp-content\/uploads\/2026\/04\/nggallery_import\/DJI_20260324073000_0382_D-1024x576.jpg 1024w, https:\/\/gerard-navizet.fr\/site-2\/wp-content\/uploads\/2026\/04\/nggallery_import\/DJI_20260324073000_0382_D-768x432.jpg 768w, https:\/\/gerard-navizet.fr\/site-2\/wp-content\/uploads\/2026\/04\/nggallery_import\/DJI_20260324073000_0382_D.jpg 1200w\" sizes=\"(max-width: 300px) 100vw, 300px\" \/><\/div>\n\t\t<\/a>\n\t\t\t\t<div class=\"elementor-post__text\">\n\t\t\t\t<h3 class=\"elementor-post__title\">\n\t\t\t<a href=\"https:\/\/gerard-navizet.fr\/site-2\/normandie-2026\/\" >\n\t\t\t\tNormandie-2026\t\t\t<\/a>\n\t\t<\/h3>\n\t\t\t\t<div class=\"elementor-post__meta-data\">\n\t\t\t\t\t<span class=\"elementor-post-author\">\n\t\t\tG\u00e9rard Navizet\t\t<\/span>\n\t\t\t\t<span class=\"elementor-post-date\">\n\t\t\t2 avril 2026\t\t<\/span>\n\t\t\t\t<\/div>\n\t\t\t\t<div class=\"elementor-post__excerpt\">\n\t\t\t<p>Cliquez sur l&rsquo;image Une semaine en Normandie.Objectif n\u00b01 : compenser 2 grosses lacunes car je n&rsquo;avais jamais vu le Mont-Saint-Michel, ni les falaises d&rsquo;Etretat !C&rsquo;est<\/p>\n\t\t<\/div>\n\t\t\n\t\t<a class=\"elementor-post__read-more\" href=\"https:\/\/gerard-navizet.fr\/site-2\/normandie-2026\/\" aria-label=\"En savoir plus sur Normandie-2026\" tabindex=\"-1\" >\n\t\t\tLire la suite \u00bb\t\t<\/a>\n\n\t\t\t\t<\/div>\n\t\t\t\t<\/article>\n\t\t\t\t<article class=\"elementor-post elementor-grid-item post-24547 post type-post status-publish format-standard has-post-thumbnail hentry category-news\" role=\"listitem\">\n\t\t\t\t<a class=\"elementor-post__thumbnail__link\" href=\"https:\/\/gerard-navizet.fr\/site-2\/pyrenees-fevrier-2026\/\" tabindex=\"-1\" >\n\t\t\t<div class=\"elementor-post__thumbnail\"><img decoding=\"async\" width=\"300\" height=\"200\" src=\"https:\/\/gerard-navizet.fr\/site-2\/wp-content\/uploads\/2026\/02\/nggallery_import\/21A0300-Modifier-300x200.jpg\" class=\"attachment-medium size-medium wp-image-24561\" alt=\"\" srcset=\"https:\/\/gerard-navizet.fr\/site-2\/wp-content\/uploads\/2026\/02\/nggallery_import\/21A0300-Modifier-300x200.jpg 300w, https:\/\/gerard-navizet.fr\/site-2\/wp-content\/uploads\/2026\/02\/nggallery_import\/21A0300-Modifier-1024x683.jpg 1024w, https:\/\/gerard-navizet.fr\/site-2\/wp-content\/uploads\/2026\/02\/nggallery_import\/21A0300-Modifier-768x512.jpg 768w, https:\/\/gerard-navizet.fr\/site-2\/wp-content\/uploads\/2026\/02\/nggallery_import\/21A0300-Modifier.jpg 1200w\" sizes=\"(max-width: 300px) 100vw, 300px\" \/><\/div>\n\t\t<\/a>\n\t\t\t\t<div class=\"elementor-post__text\">\n\t\t\t\t<h3 class=\"elementor-post__title\">\n\t\t\t<a href=\"https:\/\/gerard-navizet.fr\/site-2\/pyrenees-fevrier-2026\/\" >\n\t\t\t\tPyr\u00e9n\u00e9es f\u00e9vrier 2026\t\t\t<\/a>\n\t\t<\/h3>\n\t\t\t\t<div class=\"elementor-post__meta-data\">\n\t\t\t\t\t<span class=\"elementor-post-author\">\n\t\t\tG\u00e9rard Navizet\t\t<\/span>\n\t\t\t\t<span class=\"elementor-post-date\">\n\t\t\t16 f\u00e9vrier 2026\t\t<\/span>\n\t\t\t\t<\/div>\n\t\t\t\t<div class=\"elementor-post__excerpt\">\n\t\t\t<p>Cliquez sur l&rsquo;image Cliquez sur l&rsquo;image Bonjour.Retour d&rsquo;un voyage express en Espagne, dans les Pyr\u00e9n\u00e9es avec pour objectif n\u00b01 le gypa\u00e8te barbu.Ce rapace est immense<\/p>\n\t\t<\/div>\n\t\t\n\t\t<a class=\"elementor-post__read-more\" href=\"https:\/\/gerard-navizet.fr\/site-2\/pyrenees-fevrier-2026\/\" aria-label=\"En savoir plus sur Pyr\u00e9n\u00e9es f\u00e9vrier 2026\" tabindex=\"-1\" >\n\t\t\tLire la suite \u00bb\t\t<\/a>\n\n\t\t\t\t<\/div>\n\t\t\t\t<\/article>\n\t\t\t\t<article class=\"elementor-post elementor-grid-item post-24328 post type-post status-publish format-standard has-post-thumbnail hentry category-news\" role=\"listitem\">\n\t\t\t\t<a class=\"elementor-post__thumbnail__link\" href=\"https:\/\/gerard-navizet.fr\/site-2\/montier-en-der-2025\/\" tabindex=\"-1\" >\n\t\t\t<div class=\"elementor-post__thumbnail\"><img decoding=\"async\" width=\"300\" height=\"225\" src=\"https:\/\/gerard-navizet.fr\/site-2\/wp-content\/uploads\/2025\/11\/nggallery_import\/B230355-Sharpen-300x225.jpg\" class=\"attachment-medium size-medium wp-image-24331\" alt=\"\" srcset=\"https:\/\/gerard-navizet.fr\/site-2\/wp-content\/uploads\/2025\/11\/nggallery_import\/B230355-Sharpen-300x225.jpg 300w, https:\/\/gerard-navizet.fr\/site-2\/wp-content\/uploads\/2025\/11\/nggallery_import\/B230355-Sharpen-1024x768.jpg 1024w, https:\/\/gerard-navizet.fr\/site-2\/wp-content\/uploads\/2025\/11\/nggallery_import\/B230355-Sharpen-768x576.jpg 768w, https:\/\/gerard-navizet.fr\/site-2\/wp-content\/uploads\/2025\/11\/nggallery_import\/B230355-Sharpen.jpg 1067w\" sizes=\"(max-width: 300px) 100vw, 300px\" \/><\/div>\n\t\t<\/a>\n\t\t\t\t<div class=\"elementor-post__text\">\n\t\t\t\t<h3 class=\"elementor-post__title\">\n\t\t\t<a href=\"https:\/\/gerard-navizet.fr\/site-2\/montier-en-der-2025\/\" >\n\t\t\t\tMontier-en-Der 2025\t\t\t<\/a>\n\t\t<\/h3>\n\t\t\t\t<div class=\"elementor-post__meta-data\">\n\t\t\t\t\t<span class=\"elementor-post-author\">\n\t\t\tG\u00e9rard Navizet\t\t<\/span>\n\t\t\t\t<span class=\"elementor-post-date\">\n\t\t\t30 novembre 2025\t\t<\/span>\n\t\t\t\t<\/div>\n\t\t\t\t<div class=\"elementor-post__excerpt\">\n\t\t\t<p>Cliquez sur l&rsquo;image Bonjour.Retour de Montier-en-Der, sans doute le plus grand festival photos nature europ\u00e9en.La tendance, parmi les exposants n&rsquo;est plus au grand portrait, mais<\/p>\n\t\t<\/div>\n\t\t\n\t\t<a class=\"elementor-post__read-more\" href=\"https:\/\/gerard-navizet.fr\/site-2\/montier-en-der-2025\/\" aria-label=\"En savoir plus sur Montier-en-Der 2025\" tabindex=\"-1\" >\n\t\t\tLire la suite \u00bb\t\t<\/a>\n\n\t\t\t\t<\/div>\n\t\t\t\t<\/article>\n\t\t\t\t<\/div>\n\t\t\n\t\t\t\t<div class=\"e-load-more-anchor\" data-page=\"1\" data-max-page=\"17\" data-next-page=\"https:\/\/gerard-navizet.fr\/site-2\/wp-json\/wp\/v2\/pages\/590\/page\/2\/\"><\/div>\n\t\t\t\t<nav class=\"elementor-pagination\" aria-label=\"Pagination\">\n\t\t\t<span class=\"page-numbers prev\">&laquo; Pr\u00e9c\u00e9dent<\/span>\n<a class=\"page-numbers next\" href=\"https:\/\/gerard-navizet.fr\/site-2\/wp-json\/wp\/v2\/pages\/590\/page\/2\/\">Suivant &raquo;<\/a>\t\t<\/nav>\n\t\t\t\t\t\t<\/div>\n\t\t\t\t<\/div>\n\t\t\t\t\t<\/div>\n\t\t<\/div>\n\t\t\t\t\t<\/div>\n\t\t<\/section>\n\t\t\t\t<\/div>\n\t\t","protected":false},"excerpt":{"rendered":"","protected":false},"author":1,"featured_media":0,"parent":0,"menu_order":0,"comment_status":"closed","ping_status":"closed","template":"elementor_theme","meta":{"ngg_post_thumbnail":0,"footnotes":""},"categories":[],"tags":[],"class_list":["post-590","page","type-page","status-publish","hentry"],"jetpack_sharing_enabled":true,"_links":{"self":[{"href":"https:\/\/gerard-navizet.fr\/site-2\/wp-json\/wp\/v2\/pages\/590","targetHints":{"allow":["GET"]}}],"collection":[{"href":"https:\/\/gerard-navizet.fr\/site-2\/wp-json\/wp\/v2\/pages"}],"about":[{"href":"https:\/\/gerard-navizet.fr\/site-2\/wp-json\/wp\/v2\/types\/page"}],"author":[{"embeddable":true,"href":"https:\/\/gerard-navizet.fr\/site-2\/wp-json\/wp\/v2\/users\/1"}],"replies":[{"embeddable":true,"href":"https:\/\/gerard-navizet.fr\/site-2\/wp-json\/wp\/v2\/comments?post=590"}],"version-history":[{"count":5,"href":"https:\/\/gerard-navizet.fr\/site-2\/wp-json\/wp\/v2\/pages\/590\/revisions"}],"predecessor-version":[{"id":2242,"href":"https:\/\/gerard-navizet.fr\/site-2\/wp-json\/wp\/v2\/pages\/590\/revisions\/2242"}],"wp:attachment":[{"href":"https:\/\/gerard-navizet.fr\/site-2\/wp-json\/wp\/v2\/media?parent=590"}],"wp:term":[{"taxonomy":"category","embeddable":true,"href":"https:\/\/gerard-navizet.fr\/site-2\/wp-json\/wp\/v2\/categories?post=590"},{"taxonomy":"post_tag","embeddable":true,"href":"https:\/\/gerard-navizet.fr\/site-2\/wp-json\/wp\/v2\/tags?post=590"}],"curies":[{"name":"wp","href":"https:\/\/api.w.org\/{rel}","templated":true}]}}